 11, what is 316 + 849a?
8805
In base 15, what is 43 + c4cc?
c520
In base 13, what is 7b44b + -157c?
79b9c
In base 10, what is 361 + -717646?
-717285
In base 11, what is -66 + -226a376?
-226a431
In base 6, what is -410202 - 320?
-410522
In base 16, what is 5 + c0aa9?
c0aae
In base 4, what is 3 - 12111131313321?
-12111131313312
In base 6, what is 3403042512 + 5?
3403042521
In base 14, what is -23ba + -cd7?
-32b3
In base 6, what is -1431140 + 1415?
-1425321
In base 2, what is 101010111111110 - -11101011110?
101110101011100
In base 13, what is 4 + a636a6?
a636aa
In base 14, what is 28 + -dc1c67?
-dc1c3d
In base 5, what is -12223324 + 323?
-12223001
In base 11, what is 255 - 4629?
-4384
In base 11, what is 55 - 15077a3?
-1507749
In base 2, what is -100111000110110 - 1001110101?
-101000010101011
In base 10, what is -31310755 + -5?
-31310760
In base 4, what is -3013 - 103123023?
-103132102
In base 9, what is 27 + 41015587?
41015625
In base 5, what is -1401444 + -1133031?
-3040030
In base 10, what is -69 - -11166223?
11166154
In base 13, what is -25b00bb2 + 4?
-25b00bab
In base 14, what is -512c4 - -138?
-5118a
In base 6, what is -12 + 2155512223?
2155512211
In base 2, what is 1111011010100010100111110 + 100?
1111011010100010101000010
In base 2, what is 11100000 + 11001100011101100001?
11001100100001000001
In base 9, what is -228268487 - 1?
-228268488
In base 7, what is 634304 - -13315?
650622
In base 3, what is 110201202000 - 21110?
110201110120
In base 10, what is 4301076 + 1?
4301077
In base 11, what is 2a66742 + 8?
2a6674a
In base 2, what is 10110101110 - -10010111000111?
10101101110101
In base 13, what is -2 + -42a670a?
-42a670c
In base 8, what is 44 - 5514134?
-5514070
In base 9, what is -207430667 - -5?
-207430662
In base 10, what is 71 + 3988340?
3988411
In base 10, what is -684 - 10317?
-11001
In base 11, what is -129498 - 18?
-129505
In base 7, what is 1240132 + -35614?
1201215
In base 13, what is 11276 - -a3?
11349
In base 7, what is -3546004 - -36?
-3545635
In base 6, what is 2305324052 + 5?
2305324101
In base 12, what is -135b38 - 14?
-135b50
In base 8, what is 244112 + 577?
244711
In base 3, what is -111 - -11020102211102211?
11020102211102100
In base 4, what is 211111002211 - -3?
211111002220
In base 10, what is 580418329 - 1?
580418328
In base 15, what is -38 + -c6dd?
-c726
In base 2, what is -110000101110 - 1001110000000001?
-1010100000101111
In base 13, what is 12b9859 + -4?
12b9855
In base 11, what is 6 + -622a1?
-62296
In base 9, what is 2 + 5640763?
5640765
In base 9, what is 26 + 226281?
226317
In base 10, what is 9081701 + 0?
9081701
In base 14, what is -994 - 157914?
-1584a8
In base 7, what is -13 - 5532530?
-5532543
In base 16, what is -4a59f - -1?
-4a59e
In base 16, what is -1bfc + dd6?
-e26
In base 14, what is -2025 - -204?
-1c21
In base 2, what is -1010 + -10011011000110110000110?
-10011011000110110010000
In base 4, what is 3003132302332 - 10?
3003132302322
In base 11, what is -3a20249 + 3?
-3a20246
In base 11, what is 1288864 + -82?
1288792
In base 14, what is 2 + 49ba337?
49ba339
In base 10, what is 16108697 - -5?
16108702
In base 14, what is 5621799 - 6?
5621793
In base 14, what is a43 - 88b?
196
In base 12, what is -ab60 + -286?
-b226
In base 3, what is -1 + -111010100112?
-111010100120
In base 12, what is -11669 + -147?
-117b4
In base 11, what is 0 + -29388276?
-29388276
In base 9, what is 73 + -7808?
-7725
In base 15, what is 118d32 - -1?
118d33
In base 6, what is -2225 - 105332?
-112001
In base 5, what is 4 + 1012040103340?
1012040103344
In base 8, what is 602043 - 7?
602034
In base 13, what is 1 + -300b068?
-300b067
In base 10, what is -1324775 + 0?
-1324775
In base 5, what is 403042111033 - -4?
403042111042
In base 11, what is -2 + 33a22a4?
33a22a2
In base 7, what is 0 + -12443255464?
-12443255464
In base 8, what is -46043 + -21?
-46064
In base 10, what is 907 - -12366?
13273
In base 6, what is -100 + 3354152?
3354052
In base 3, what is -1002021121 - -1101012?
-1000220102
In base 2, what is -101 - 10110011111001100100101110?
-10110011111001100100110011
In base 7, what is 1 + -31451265?
-31451264
In base 12, what is -1aa0724 - 4?
-1aa0728
In base 6, what is 5 - -1124352044?
1124352053
In base 15, what is 2a948437 + -3?
2a948434
In base 11, what is 70a7182 + -3?
70a717a
In base 7, what is 5 + -16262051?
-16262043
In base 7, what is -11654 + 14421?
2434
In base 9, what is 14 + 561884?
562008
In base 16, what is -1152b + 972?
-10bb9
In base 8, what is 76366 - -15631?
114217
In base 6, what is -13313454 + -3543?
-13321441
In base 3, what is 20000000 + -11201100?
1021200
In base 12, what is -4 + 1386774?
1386770
In base 9, what is 268 - -55861?
56240
In base 7, what is 12130 - 125625?
-113465
In base 3, what is 10020 - 1102111112?
-1102101022
In base 14, what is -1 - -3685bc4?
3685bc3
In base 6, what is 12202130 + -130?
12202000
In base 5, what is -321101143 + -1242?
-321102440
In base 10, what is 6 + 76334084?
76334090
In base 8, what is 4213 - 51102?
-44667
In base 6, what is 212404242141 + -5?
212404242132
In base 2, what is 100111 - -110100010010101001?
110100010011010000
In base 14, what is -a9bd - 528?
-b107
In base 14, what is 7d40 - -2417?
a357
In base 6, what is -122001535 - -15?
-122001520
In base 5, what is -33024441110 - -14?
-33024441041
In base 11, what is -13a8 - 45a48?
-47345
In base 6, what is 131321040 - -4?
131321044
In base 11, what is -33 - 774a98?
-775020
In base 2, what is -10000111010111000110101111 - -101?
-10000111010111000110101010
In base 8, what is -144620475 + -4?
-144620501
In base 6, what is 23552541 - -3?
23552544
In base 15, what is -156c - -aa8?
-9b4
In base 14, what is 13c1b9 - -2a?
13c205
In base 3, what is 100 - -101211202?
101212002
In base 9, what is -2 - 208634082?
-208634084
In base 8, what is -60511074 - 1?
-60511075
In base 4, what is 31302203330 + -102?
31302203222
In base 2, what is 101100100101000010 + 10010000?
101100100111010010
In base 10, what is -469201 + 69?
-469132
In base 11, what is -170 + 49405?
49245
In base 8, what is -15713511 - -5?
-15713504
In base 2, what is 1001011001111111000 - 10101011?
1001011001101001101
In base 13, what is 1c23 + 697?
25ba
In base 14, what is a - ba1989?
-ba197d
In base 8, what is 227327 + 15?
227344
In base 2, what is -10111100 - -11010100010110?
11010001011010
In base 15, what is -3 + 2b74535?
2b74532
In base 3, what is -2 - 12010101102110011?
-12010101102110020
In base 7, what is 121565 + -511?
121054
In base 11, what is 95638140 + 2?
95638142
In base 6, what is 224 - -5544?
10212
In base 9, what is 1 + -3811146?
-3811145
In base 11, what is 180 + 856467?
856637
In base 6, what is -34204005525 + 2?
-34204005523
In base 7, what is 14452222 + 343?
14452565
In base 8, what is -6064 - 47362?
-55446
In base 13, what is -a - 10a716?
-10a723
In base 13, what is -250 + -1601?
-1851
In base 9, what is 100583 + 183?
100776
In base 5, what is 14133 - 212113323?
-212044140
In base 7, what is -1100442 + 2125?
-1065314
In base 16, what is -34 - -5c9b48?
5c9b14
In base 9, what is 7467 + 7525?
16103
In base 8, what is -515 + 101262?
100545
In base 5, what is 24230230111 - -1?
24230230112
In base 14, what is 5 - -b45146?
b4514b
In base 9, what is 10406 + 3841?
14347
In base 15, what is 4 - 88a2d05?
-88a2d01
In base 8, what is 403124 + -4117?
377005
In base 8, what is 750654 - -12?
750666
In base 3, what is 1212212 - 1100001202?
-1021011220
In base 11, what is -5578721 + 13?
-5578709
In base 4, what is 112121132 + 11223?
112133021
In base 14, what is 443b + -d5?
4346
In base 6, what is -4 + 14023153004?
14023153000
In base 4, what is -2 - -1033203113221?
1033203113213
In base 11, what is -2160823 + 1?
-2160822
In base 6, what is 50121 - -5523?
100044
In base 10, what is -616 + -45393?
-46009
In base 4, what is -22232303 - 111102?
-23010011
In base 3, what is -20112 - 2021012111?
-2021110000
In base 16, what is 72a6e2 + 36?
72a718
In base 2, what is -100 - 11100001000110011001000?
-11100001000110011001100
In base 9, what is 8458 - 7246?
1212
In base 6, what is 1 + -13013313110?
-13013313105
In base 8, what is 30606411 + 132?
30606543
In base 12, what is 770 + 35bb?
416b
In base 10, what is -35780 - 6281?
-42061
In base 3, what is 12201100010011 -